t is the units digit of y?
8
Let h = 14 - 12. Suppose 0 = w + 4*a - 17 - 19, 5*w - 114 = h*a. What is the units digit of w?
4
Suppose -3*s + 2*s + 9 = l, -3*s + 3*l = -45. Let b = 19 - s. What is the units digit of b?
7
Suppose -5*n + 133 - 53 = 0. What is the units digit of n?
6
Let p(s) = s**2 - 3*s. What is the units digit of p(5)?
0
Let z(c) = -4*c + 6*c - c. Let a be z(0). Suppose -5*t - 20 = a, 5*f + 0*t = -3*t + 23. What is the units digit of f?
7
Let a(j) = -3*j - 6. Suppose -5*v + 3*h + 35 = 4*h, -2*v + 11 = h. Suppose -5*r - v = 17. What is the units digit of a(r)?
9
Let b(s) = s + 4. Let a be b(-3). Let p be ((-4)/(-5))/(a/5). Suppose 9 = 3*u + 3*q - 12, -u - 4*q + p = 0. What is the units digit of u?
8
Suppose 5*r - 3*h = 2*h + 1185, 5*r - 4*h = 1183. What is the units digit of r?
5
Suppose 5*z = 2*a + 11, -2*z + 0 = 2*a - 10. Suppose -2*l + w = a*l - 61, 0 = -l + 4*w + 4. What is the units digit of l?
6
Let b = 4 + -4. Suppose -4*t + 3*t + 4 = b, -1008 = 3*o - 3*t. What is the units digit of o/(-16) - (-1)/4?
1
Suppose 3*c = h - 24, 4*h - 5*c - 133 + 2 = 0. Let q = h + -26. What is the tens digit of q?
1
Let o(t) = -t**3 + 9*t**2 + 3*t - 7. Let f be o(10). What is the units digit of f/(-63) + 2/(-9)?
1
Let i(k) = 4*k**2 - 2*k - 3. What is the units digit of i(-2)?
7
Suppose 17*d = 14*d + 633. What is the hundreds digit of d?
2
Let o = -34 + 64. What is the units digit of (o - -3) + (-1 - 2)?
0
Suppose 5*u + 2*a = -2*a + 57, 0 = -5*a + 15. Suppose -10 = -u*q + 4*q. Suppose -q*z = -6*z + 44. What is the tens digit of z?
1
Let y(x) = 2*x + 2. Let q be y(3). Suppose q = 5*r - 12. Suppose 31 - 3 = r*w. What is the units digit of w?
7
Suppose -4*q - 4 = 0, 4*s - 105 = -5*q + 118. What is the units digit of s?
7
Suppose 31 = 3*i + 1. Let w be i/35 + 80/14. Suppose l = -v - 2, w*l = 2*l - 2*v. What is the units digit of l?
2
Let d(o) = -o**3 + 2*o**2 + 3*o - 1. Suppose 2*h - 2 = 2. Let w be d(h). Suppose -2*q = -4*u + 46, 4*q - 24 = -w*u + 1. What is the units digit of u?
9
Let y = 3 + 0. Let f be 1/(-3) - (-7)/y. Suppose -f - 2 = -4*z. What is the units digit of z?
1
Suppose 9*z - 1620 = -z. What is the tens digit of z?
6
Let u(q) = q**3 - q**2 - 2*q - 3. Let n be u(3). What is the tens digit of 22*(2 + n/(-6))?
1
Let r = 2 + -3. Let h = r - 6. Let t = 13 + h. What is the units digit of t?
6
Suppose -24 = 5*a - 49. What is the units digit of a?
5
What is the tens digit of 0 + 3 + 19/1?
2
Let y = -24 - -77. What is the tens digit of y?
5
Suppose 5*b = -2*t, 2*b + 2*t = t - 1. Suppose -2*q + b = -q. What is the units digit of q + -1 + (2 - 1)?
2
Let n = 3 - -2. Suppose -o + p + 9 = -0*o, -n = -5*p. What is the tens digit of o?
1
Suppose 212 = 3*r - 5*h - 151, 0 = -3*r - 4*h + 363. What is the units digit of r?
1
Suppose -2*a + 0*a + 44 = 0. Suppose 3*x + 2*g = a, 4*x - 3*x = 5*g - 21. What is the units digit of x?
4
Let b(w) = 2*w**2 - 7*w - 2. What is the hundreds digit of b(10)?
1
Let j(r) be the third derivative of r**4/12 + r**3/2 - 2*r**2. What is the units digit of j(4)?
1
Suppose -o = o. Let m(d) = -4*d**2 - 4 + 3*d + d**2 + d**3 - d**2 + o*d**2. What is the units digit of m(4)?
8
Let q = 9 - 9. Suppose q = p - 2*p. Suppose -4*h + 28 = -p*h. What is the units digit of h?
7
Let i(d) = 2*d - 7. Let w be i(5). Suppose -2*y + 6 = -4. Suppose w*u - y = 7. What is the units digit of u?
4
Let x(w) = w**2 - w + 68. Let j be x(0). Suppose 4*v - 3*o - j = o, -4*o = -5*v + 86. What is the tens digit of v?
1
Let k(g) = 2*g**2 - 3*g - 2. Let i be k(3). Let s(t) = 2*t - 6. Let f be s(i). Suppose 0*v - f = -v. What is the units digit of v?
8
Suppose -2*m = 16 + 2. Let r = 17 + m. Suppose 0 = -l - v + 13, 0*v - 4*v - r = -2*l. What is the tens digit of l?
1
Suppose 3*i + 2*i = 0. Let b(v) = -1 + 0 + i*v**2 + v**2 + 7*v. What is the units digit of b(-9)?
7
Let p = 10 + -3. Let v(s) = 7*s**2 + 12*s - 7. Let i(g) = 3*g**2 + 6*g - 3. Let q(f) = -9*i(f) + 4*v(f). What is the units digit of q(p)?
6
Suppose -2*b = -8*b + 210. What is the tens digit of b?
3
Let i be 6/(-15) - (-588)/20. Let o = i + -17. What is the tens digit of o?
1
Let q = -11 - -18. What is the units digit of q?
7
What is the units digit of (-212)/(-6) - 4/3?
4
Let h(f) = -2*f**3 - 2*f**2 + f + 11. What is the hundreds digit of h(-4)?
1
Let t(d) = -d**3 - 2*d**2 + 2*d + 4. Let s be -1*((-2)/2 + -1). Suppose 2*n - z + 5 = 0, -2*n + s*z - 6 + 2 = 0. What is the units digit of t(n)?
7
Let p(s) = -3*s + 5. What is the tens digit of p(-4)?
1
Suppose 4*c - 204 = c. What is the tens digit of c?
6
Let i(z) = 11*z + 14. Let b(l) = -7*l - 9. Let p(c) = -8*b(c) - 5*i(c). What is the tens digit of p(9)?
1
Let c = 496 + -263. What is the units digit of c?
3
Suppose -7*b + 172 = -3*b. What is the tens digit of b?
4
Let n(m) = m**2 + 8*m + 2. What is the units digit of n(-8)?
2
Let k(x) = x**2 + 17*x + 11. What is the tens digit of k(-17)?
1
Let c = -21 + 78. What is the units digit of c?
7
Suppose -4*s = 2 - 22. Suppose 83 = s*i + 23. What is the units digit of i?
2
Suppose 0*k - 284 = -2*k - 4*l, l = -5*k + 674. What is the hundreds digit of k?
1
Let y = 3 - 1. Suppose 2*c = -2*m - 6, -5*c - y*m + 3*m = -15. What is the units digit of c?
2
Let c = -1 - 1. What is the units digit of (-261)/(-81) + c/9?
3
Suppose 4*f = 8*f - 20. Suppose 3*v = -3*b + 8 + 34, -b = f*v - 26. What is the units digit of b?
1
Let u(m) = 4*m**2 + 2. What is the units digit of u(-5)?
2
Suppose 0 = -d - 4*q + 6, 4*d + 2*q = -0*d + 10. Let u = 22 - d. What is the tens digit of u?
2
Let o = -27 - -19. Let w(f) = 0*f - 8 - 4*f + f. What is the units digit of w(o)?
6
Let h be (-12)/8*14/(-3). Suppose -79 + h = -4*t. What is the tens digit of t?
1
Let o(q) = -2*q - 4. Let f be o(-5). Let l = 3 - f. Let x = l - -6. What is the units digit of x?
3
Let i = 14 + -11. Let v(s) = 3*s + 2. What is the units digit of v(i)?
1
Let n = 53 - -2. What is the units digit of n?
5
Suppose -10 = -x + 11. What is the tens digit of x?
2
Suppose 2*x + 38 = 4*x. What is the tens digit of x?
1
Suppose 212 = 4*g - 3*f + 41, f = -g + 41. Let j = g + -24. What is the tens digit of j?
1
Suppose 0*o = 2*o - j + 8, 2*o + 2*j + 20 = 0. Let x = o + 5. Let c = 2 + x. What is the units digit of c?
1
Let y = 25 + 10. What is the tens digit of y?
3
Suppose 2*o - 45 = -3*w, -4*w + 16 = -3*o - 61. What is the units digit of w?
7
Suppose -5*v + 33 = -4*v. Let g = -17 + v. What is the units digit of g?
6
What is the units digit of ((-9)/(-6))/(-1) + (-1029)/(-6)?
0
Let x(r) be the first derivative of r**4/4 + 7*r**3/3 + 7*r + 2. What is the units digit of x(-7)?
7
Let b(k) be the second derivative of k**3/2 - 3*k**2/2 + 21*k. Let p(s) = -s**3 - 3*s**2 - s + 3. Let m be p(-3). What is the tens digit of b(m)?
1
What is the units digit of (8/(-24))/(2/(-162))?
7
Suppose 5*l - 4*x + 160 = 0, l - 4*l - 5*x - 96 = 0. Let a = -20 - l. Let s = a + -6. What is the units digit of s?
6
Suppose -5*f = -k + 3*k - 48, 3*f - 72 = -3*k. What is the tens digit of k?
2
Let q(u) = 2*u - 3. Let n be q(-3). Let o be (0/(-2) - 1) + -2. Let l = o - n. What is the units digit of l?
6
Let v be (-6)/((1 - -1) + -4). Suppose v*i = -0*i. What is the units digit of i/(-1) + (4 - 1)?
3
Let d = -7 + 12. Suppose 5 + 5 = d*s. What is the units digit of s?
2
Suppose 4*i + i - 20 = 0. Suppose 0 = -i*n - 0*u - 4*u + 32, -2*n = -u - 1. What is the units digit of n?
3
Let o(f) = f**3 - 6*f**2 + 2*f - 8. Let p be o(6). Let g be 2/p*0/(-1). Suppose -3*l + 12 = 0, g*h - l = -h - 1. What is the units digit of h?
3
What is the units digit of (14*-11)/((-84)/126)?
1
Let u = 155 - -76. What is the tens digit of u?
3
Suppose -a + 132 = -y - 2*y, 2*a - 4*y = 266. What is the units digit of a?
5
Let h = 232 - 139. What is the units digit of h?
3
Suppose 4*i + 62 = -0*z - 5*z, 5 = z - 5*i. Let p be (z/(-3))/((-4)/(-6)). Let o = 12 - p. What is the units digit of o?
7
Let n(p) = 4*p**2 - 2*p + 3. What is the units digit of n(1)?
5
Let t be (-2 + 4 + -3)*-4. Suppose 2 = 2*n + 2*h, 0*n - 5*n + h = -29. Suppose -5*i + n*y = 3*y - 35, t*y = 20. What is the units digit of i?
9
Let v(n) = -5*n**3 + n**2 + n - 37. Let j(m) = -4*m**3 + m**2 + m - 37. Let r(k) = -4*j(k) + 3*v(k). What is the units digit of r(0)?
7
Suppose